
What is the value of (119 - 142) + (-3 - 3)?
-29
2 + -41 + (12 + (-30 - -11) + 7 - 1)
-40
Evaluate -113 + 111 + 24 + 27.
49
Calculate 1 - (19 + -2 + 0) - (-125 + -21 + 145).
-15
(10 - -7) + (-1 - (-68 - -30))
54
What is the value of 62 + (-1 - (-1 - -11) - (18 + 19 + -39))?
53
Evaluate 80 + -45 + 77 + -204.
-92
Evaluate 20 - (6 + -18) - (5 + -5) - (4 - -5).
23
What is the value of (-1665 - -1701) + -31 + 1 + 37?
43
What is -4 + 96 + (-1912 - -1692)?
-128
Evaluate (12 - 26) + 20 + (8 + -4 - -7).
17
What is -45 + (-4 - -46) + (5 - (1 - -21))?
-20
What is 9 + -85 - (0 + -1 + (28 - 32) - 0)?
-71
What is -14 + -21 + (52 - 34 - -29)?
12
-33 - (-118 + 11 + 43)
31
(51 - (2 - 0)) + -3465 + 3461
45
What is the value of (-36 - (44 - 92)) + -5 + -23 + 0?
-16
What is the value of (6 - (-7 - -7)) + -9 - (-41 + 49)?
-11
What is -43 + -27 + 16 + 163 + -37?
72
Calculate 102 + -4 + (21 - 63).
56
What is the value of -9 + (-49 - -106) + -100?
-52
Calculate -25 + (2 - (-43 + 13)) - -30.
37
(-112 - (-123 - 74)) + -69
16
Evaluate 4 + 1 + (-34 - -75 - (-8 - 4)).
58
What is 2 - 15 - (-21 - (-57 - -48))?
-1
Calculate 10 + (62 + -49 - (3 - (4 - 69))).
-45
-43 + 59 + -35 - (25 + 5)
-49
What is the value of 5 - 18 - -17 - -27?
31
(6 - (8 - -9) - -9) + 81 - -13
92
What is 22 + (54 - (18 + -6 + 0) - -2)?
66
Calculate -42 + 38 - (3 + (-12 - (5 - (3 - -10)))).
-3
What is the value of (4 - 14) + (4 - 8 - -18) + -8 + -36?
-40
Evaluate 2 + -78 + 80 + -101.
-97
Calculate 80 + -70 + -20 + -2 + -2 + -50.
-64
What is the value of 26 - (0 - (37 - -37) - 15)?
115
Calculate -95 - (21 - 45) - -72.
1
Calculate (4 - (1 + -1)) + (-46 - (0 + -19 + 1)).
-24
Evaluate -44 + (47 - (-61 + 72)).
-8
Calculate -3 + 9 + 5 - (2 + (15 - -25) - 24).
-7
Evaluate 0 + -9 + -301 + 299 - (54 + -2 + 8).
-71
What is -18 - ((-112 - -2) + (-74 - (-19 - 71)))?
76
What is the value of 22 + (-100 - -3 - -102)?
27
What is -1 + 60 - (3137 - 3180)?
102
Calculate 0 - 1 - (2 + 108 + 3 + (-2599 - -2605)).
-120
-297 - -170 - -85 - 35
-77
123 + -32 + 10 + (13 - 12)
102
What is the value of -13 + -16 + (-126 - -4 - -33)?
-118
What is -34 - 64 - -194 - 69?
27
Evaluate 2 + (-45 - 3) + (-18 - -41) + 134.
111
25 + 83 + 47 + -122
33
2 + -14 + 2 + 47 + -15 + -28 + 55
49
Evaluate 33 - (49 + 3 + -63).
44
Evaluate -18 + (18 - (22 - (40 - 16))).
2
(-8 - -64) + 4 + (-2 + -8 - (-28 - -22))
56
Calculate -3 + -2 + -6 + -5 + 35 + -34.
-15
What is the value of -83 + -1 - (1936 - 1998)?
-22
What is the value of -38 + 50 + (-4 - 0 - 93) - 13?
-98
Evaluate 0 + (11 - (-12 + 35)) - (-12 - -6).
-6
Evaluate 17 - 3 - ((-55 - -45) + -8 + 68).
-36
Evaluate (113 - 227) + 100 - (-52 - (0 - 2)).
36
Calculate (12 - 5) + 3 - (-15 + 2 - -78).
-55
What is (-11 - ((14 + -10 + -103 - -2) + 14)) + -8?
64
Calculate 18 + (-28 + 1 - (224 - 179)).
-54
Calculate 0 + -4 + (12 - (-7 - (-17 + 15)) - 11).
2
What is the value of -16 + -1 - (-114 + -51 + 169)?
-21
What is the value of (65 + 6 - 9 - (-24 + 25)) + -13?
48
Evaluate -1 + (11 - (14 + 10)) - -24.
10
What is the value of -288 - -370 - (-4 - -51)?
35
What is 9 - (80 + (-56 - 37))?
22
What is the value of -2 + 0 + -1 + 35 + (-11 - 5) + -4?
12
Calculate (506 - 582) + (0 - 5) + 41.
-40
11 + -20 + (-3 - 7) + 2 + -3 + 7
-13
What is -94 + 42 - -172 - 35?
85
-798 + 745 - (-14 - -4 - -1 - 4)
-40
(-17 - -22) + ((-30 - 8) + -7 - 0) - -7
-33
Calculate (0 - 3 - -9) + (-16 - (10 + -15)) - 26.
-31
What is the value of (7733 - 7736) + -86 + 1?
-88
What is -3 + -1 - 0 - (15 + 11 + 16)?
-46
What is 6 + (-2 - -35) - (7 + (-25 - -2))?
55
Evaluate -19 + -18 + 45 - -1.
9
(-87 - (-44 - 90)) + 37
84
Evaluate -79 - (43 + (-24 - -1) - 24).
-75
Evaluate 5 - -53 - ((244 - 251) + (2 + -3 - -7)).
59
Calculate -59 - (4 + (-15 - -16) + -4).
-60
Calculate -33292 - -33304 - (1 - (-2 + -2)).
7
What is the value of (-29 - 6) + 15 - -84?
64
What is the value of -35 - -49 - (-16 - -6 - -75)?
-51
Calculate -22 - -17 - (32 - 17) - -20.
0
Calculate -21 - (-3 - -1) - ((-95 - -109) + 5).
-38
(80 - 44 - -8) + -18 - -36
62
What is the value of (7 + -11 - (0 + 3)) + -738 + 794?
49
What is -14 + 0 - (18 + -7 + -17 + 15) - -8?
-15
What is -2 + (7 - ((-7 - -3) + -7 + 15 + 56))?
-55
What is -1 + 0 + 13 + (8 - (25 - (8 - 4)))?
-1
1 - -37 - (-59 + 234 + -196)
59
-33 + 2 - ((33 - 0) + (107 - 138))
-33
-13 + 2 - (-7 - 19 - -13 - (-13 - 3))
-14
What is -447 + 408 + (4 - (-3 + (-1 - -2) - -11))?
-44
Calculate -39 - -79 - 43 - 32.
-35
What is the value of -1 + 62 + -8711 + 8646?
-4
3 - (34 + -88 + 29) - 21
7
((5 + -19 - -25) + -12 - -17) + 16
32
Evaluate (-40 - -9) + 64 + -72 - -72.
33
-12 + (-267 - -290 - (151 + 0))
-140
Calculate 24 - (-30 - (6 - (-38 - -27))).
71
Evaluate (-53 - -66) + -27 + 0 + 14 + -1.
-1
What is 128 - 198 - (-157 - -4)?
83
What is the value of 2 - (-6 + 12) - 11 - (-23 - -151)?
-143
10 - ((-26 - (6 - 31)) + (3 - 16))
24
Calculate (62 - 72) + 21 - -52.
63
What is the value of -76 + 77 - (-3 - -14) - 3 - -107?
94
What is the value of (47 - (-2 + -2)) + (-13 - ((-2 - 16) + 9))?
47
What is 10 + (8 - 21) - (18 - 22)?
1
What is the value of (-15 - -3) + 2 - (-3 - ((-47 - -8) + 9))?
-37
Evaluate (32 - 23) + (28 - 23) + (-2 + 99 - -2).
113
Calculate -94 + -2 + 2 - (28 + (17 - 34)).
-105
Evaluate -10 + (-37 - -22) + 25.
0
What is -17 + ((-2 - -6) + (-100 - -85) - 51)?
-79
Calculate 42 + (16 - 8) + -19 + 19.
50
16 + -13 - ((6 - (26 + -17)) + -48)
54
Calculate -75 - -1 - (-15 + -7) - 31.
-83
23 - (-5 - -8) - (19 + -16 - 2)
19
Evaluate 8 + 67 - (-11 - (-36 - -14)) - 14.
50
What is the value of 0 + 11 - ((-18 - 1) + 60 + -69)?
39
What is the value of 2641 + -2662 - (1 + -36) - -100?
114
-19 + -5 + 19 + -8 + (2 + 5 - 2)
-8
Evaluate 4 + (-5 - 1 - (-7 + -35 - -32)).
8
41 + -43 + -1 + 40
37
3 + 38 + -7 - -7
41
What is 42 - (-200 + 195 - (-1 - (5 - 5)))?
46
-6 + 14 + -7 + 10 + -78 + -4 + 3
-68
What is the value of (-58 + 88 - (-13 + 0)) + (14 - 18)?
39
Calculate -3 + 73 - (-157 + 326 + -150).
51
Evaluate 12 + -11 + -3 + (-19 - -105) + -1.
83
What is the value of -41 - -21 - -51 - (-3 - 3)?
37
19 - (57 - (7 + -29 + 22))
-38
Evaluate 11 - (41 + -38 - (-3 + 2)) - (2 - -9).
-4
What is 11 - (54 + 4 - (-7 - -8 - -4))?
-42
(-3 - -2 - (16 - 36 - 9)) + 12
40
What is 18 - ((-15 - (13 + (6 - 19))) + 18)?
15
What is the value of -12 + 12 + (3 - -6) + -1 - (42 + -9)?
-25
What is 169 - (58 + -26) - 103?
34
0 - (17 - (48 - 45))
-14
What is the value of (-1 + 44 - 6) + 28 + (0 - (-11 - -27))?
49
60 + (-14 - (9 - (-16 - (-60 - -13))))
68
What is 49 + (2 - -6) + (-406 + 405 - (0 - -7))?
49
Calculate -87 + 74 - (-14 - (-6 + -2) - -8 - -5).
-20
What is the value of (5 - (-4 - 21)) + -44 + 31?
17
What is 39 - (-21 + -1 + 48 - -48)?
-35
What is the value of 30 + -13 + -3 + -5 + (0 - (55 - -2))?
-48
Calculate 35 - ((251 - 245) + -7 + -2 + 2 - 4).
40
What is the value of -112 - (-88 - 23) - -30?
29
What is 0 - -24 - (-61 + 94)?
-9
What is the value of -111 - (-257 + 23) - 133?
-10
Calculate -67 - (-1 - (77 + -89)).
-78
(-3 - (11 + -15 - -10)) + -8 + 2
-15
What is (3 - 6 - (-9 - 1)) + 2 + (295 - 274)?
30
What is the value of -17 + (-23 - -24 - 46)?
-62
Calculate -10 + 1 - (55 + (9 - 50)).
-23
What is the value of (70 - 61 - (1 - -2)) + -22?
-16
42 + -1 + -56 + -19 + 51
17
What is -4 - (16 + 10 + -5 + (-11 - (-8 - 1)))?
-23
6 + (9 - 13) + -53 + 6 + 3 + -4
-46
Calculate (-12 - -8) + 29 + -30 + 16 - -46.
57
What is the value of -24 - 10 - (-1162 - -1187)?
-59
What is the value of -19 - (275 + -260 + (-13 - 0) - 9)?
-12
-78 + (2 - -3 - 0) + -13 - -4
-82
What is the value of -32 - (-7 + -26 - -8) - (4 - 2 - 18)?
9
Evaluate -6 - (15 + -2 + -25) - (-3 - (3 + -61)).
-49
Evaluate -28 + (5 - -36) + -1 + 35.
47
(119 - 227 - -149) + 23
64
Calculate -4 - 87 - (106 + -138) - (-1 + 13).
-71
Evaluate 1 + -32 + -42 + 106 + -70.
-37
-140 - (-106 + -85 + 120)
-69
What is -319 - -314 - (7 + (-5 - (5 + -5 + -4)))?
-11
What is 62 + (-45 - (5 + -51))?
63
What is the value of -35 + 6 + -101 + 180?
50
Calculate 3 - (-104 - 0) - (3708 - 3727).
126
Evaluate 37 - (-29 - -39 - (9 + (9 - 8))).
37
Calculate (-5609 - -5600) + 2 + -4 + -1.
-12
What is the value of -21 + (6 - -6) + (-2 - (4 + -3 - 48))?
36
What is the value of 2 - -1 - (-1 + (-9 - 16)) - (13 + -4)?
20
What is the value of (-18 + 38 - (102 - 8))